 - 5. List the prime factors of l.
2, 5
Let s be (-1)/4 + (-27)/(-12). Suppose r - 5*r + 216 = 3*w, -49 = -r - 2*w. Suppose 3*v - 2*k - 3*k = r, 5*v = s*k + 114. List the prime factors of v.
2, 3
What are the prime factors of -6 - (-375)/60 - (-7251)/4?
7, 37
Suppose -498 - 602 = -d - 3*n, -5*n - 4468 = -4*d. List the prime factors of d.
2, 139
Let f(l) = l**2 - 2*l + 2. Let k be f(3). Let s = 61 - k. Let j = 105 - s. List the prime factors of j.
7
Let a be (48/(-30))/(2/80). Let d = a - -145. List the prime factors of d.
3
Suppose 165*k + 2256 = 171*k. What are the prime factors of k?
2, 47
Let b = -2 + 4. Suppose 2*v + 0*v = 3*h - 520, b*h + 4*v - 320 = 0. Suppose 3*i + h = 8*i. What are the prime factors of i?
2, 17
Let g be (-20)/(-4)*3/5. Let i(k) = -4 - g + k + 7 + 10. What are the prime factors of i(0)?
2, 5
Let j be 3/2*(-16)/12. Let d be (3 - (j + 2)) + 59. List the prime factors of (d/6)/(16/48).
31
Let g be (1 + 9)*(-16)/(-10). Suppose n - 3*k + 8 = 0, -5*n + 2*k + 41 = g. What are the prime factors of n?
7
Suppose -16 = 6*q - 14*q. Suppose -q*o + 242 = -3*g, -4*g = -2*o - 6*g + 252. List the prime factors of o.
2, 31
Suppose 3*p - 5*p = -498. Let c = p - 80. List the prime factors of c.
13
Suppose -12 = -4*w, -4*w + 12 = 4*o - 0*o. Suppose 4*y + 204 = b, o*y - 4*y = b - 228. What are the prime factors of b?
2, 3
Let p = -2 + 4. Let f(d) = -3*d - 124. Let y be f(-42). Suppose 0 = -y*z - z - p*c + 24, 3*c - 32 = -4*z. List the prime factors of z.
2
Let o = -819 + 1369. What are the prime factors of o?
2, 5, 11
Suppose -5*x = -5*f + 15, -3*x + 0 = -f + 1. Suppose f*d - 254 = g - 12, 4*d - 232 = -4*g. What are the prime factors of 238/12 + 10/d?
2, 5
Let r(c) be the third derivative of c**5/60 + c**4/3 + 2*c**3/3 - c**2 - 53*c. Suppose 0 = 5*i - 3*w + 56, -5*w + 15 - 5 = 0. List the prime factors of r(i).
2, 3
Let t = 22 + 35. Suppose 2*r = 0, r - t = 3*h + 4*r. Let m = -1 - h. What are the prime factors of m?
2, 3
Suppose 7568 = -17*y + 21525. What are the prime factors of y?
821
Suppose 6 = -5*w + g + 325, -3*w = -g - 191. Let z = 176 - w. What are the prime factors of z?
2, 7
Suppose -457 = -4*c + 5*v, 0 = v + 2 - 1. What are the prime factors of c?
113
Suppose -l - 1059 = -5*z + 1012, 4*z + l - 1664 = 0. What are the prime factors of z?
5, 83
Let u be ((-24)/9)/((-2)/27). Let c = -219 - u. What are the prime factors of 2/(-4) + c/(-10)?
5
Suppose -3*a - 45 = -0. Suppose -10*n + 2*n + 8 = 0. Let d = n - a. What are the prime factors of d?
2
Suppose 7*a - 4*a = 672. Suppose -5*v = -v - a. What are the prime factors of v?
2, 7
Suppose 0 = -9*a + 9286 - 1375. What are the prime factors of a?
3, 293
Let c(o) = 5*o + 20. Suppose -5*q - 2*l + 40 = 2, 1 = -l. What are the prime factors of c(q)?
2, 3, 5
Let g(f) = -198*f - 9. What are the prime factors of g(-3)?
3, 5, 13
Let j be (4 - 2)*-2 - -188. What are the prime factors of j/5 - ((-22)/10 + 2)?
37
Suppose 0 = -560*o + 571*o - 37125. List the prime factors of o.
3, 5
Let v(u) = -13*u + 3*u**2 + 14 - 3*u - 4*u**2. List the prime factors of v(-15).
29
What are the prime factors of 4/(-1) + 9 + -5 + 226?
2, 113
Suppose -54*s + 57*s = 66. Suppose -s*n + 35 = -17*n. What are the prime factors of n?
7
Suppose 20 = 4*u + 3*t, -2*u - 5*t + 24 = -0*u. Suppose -3*d - u*v = -26, 2*d - 7*d + 35 = -5*v. List the prime factors of d.
2
Suppose u - 341 = n, 5 = u + 2*n - 339. What are the prime factors of u?
2, 3, 19
Suppose 6*c = 10*c - 744. What are the prime factors of c?
2, 3, 31
What are the prime factors of 358/16 - (-87)/(-232)?
2, 11
Let f be -2 + (-16)/(-4) + -4. Let g be (8/(-10))/(f/480). Suppose -4*o - 2*o = -g. What are the prime factors of o?
2
Suppose 28*y - 14232 = 4*y. What are the prime factors of y?
593
Let h = 264 - 124. List the prime factors of h.
2, 5, 7
Suppose 5544 - 1673 = 7*x. List the prime factors of x.
7, 79
Let m be (1 + -2272)/((-24)/16). What are the prime factors of 6/33 + m/22?
3, 23
Let n(b) = b - 2. Let i be n(5). Suppose 4*z - 16 = -3*l, z - 3*l - 1 = i. What are the prime factors of (z/(-8))/((-3)/204)?
2, 17
List the prime factors of 22*64/160*(-790)/(-8).
11, 79
Let z = 68 - -62. Suppose 19*k = 18*k + z. List the prime factors of k.
2, 5, 13
Let r(j) = -2*j**3 + 57*j**2 - 26*j + 2. What are the prime factors of r(28)?
2, 29
Let w be (-5 + (-295)/(-20))/(6/32). Suppose -4*x + w = -72. What are the prime factors of x?
31
Let b be 16/12*(-3)/(-2). Suppose 2*w - 54 = -5*u - 5, -b*w + u + 43 = 0. What are the prime factors of w?
2, 11
Suppose 5*i - 21 = -1. Suppose -i*y + 3 = -3*y. Suppose 0 = o - 21 + y. List the prime factors of o.
2, 3
Let s(v) = 46*v - 47. Let z be s(17). Let g = z + -511. What are the prime factors of g?
2, 7
Let p = -58 + -98. Let r = -92 - p. What are the prime factors of r?
2
List the prime factors of (-5 - -6)/((-5)/(-4210)) + -1.
29
Let a be 2 + 1 + -2 + 2/(-2). Suppose a = 5*t - 76 - 39. List the prime factors of t.
23
Suppose -2*i + 448 = -4*q, -2*q = -5*q - i - 341. Let o = 136 + q. List the prime factors of o.
23
List the prime factors of 3629/6 - (-3)/18.
5, 11
Let h be (-82)/16 + 2/16. Let r be ((-9)/9)/(1/h). Suppose m = r*m - 136. What are the prime factors of m?
2, 17
Let x(r) = 9*r**2 - r + 55. List the prime factors of x(7).
3, 163
What are the prime factors of ((-22448)/28)/(-2) - 5/(-35)?
401
Suppose 5*y + 6*t = t + 6135, y - 3*t = 1235. List the prime factors of y.
1229
Let a = 7 - -6. Suppose 1 = -2*d - 4*x + a, 0 = -4*d - 2*x. List the prime factors of (d/6)/((-3)/72).
2
Let x(o) = o**2 - 12*o + 13. Let j be x(10). Let y = j + 13. Suppose 5*l + y = 7*l. List the prime factors of l.
3
Suppose 4*j - 17 - 275 = 0. List the prime factors of j.
73
Let a = -26 - -29. Suppose 0 = 4*v - a - 1. What are the prime factors of 9*(v + 12/3)?
3, 5
Let a = 1 - -1. Let l(d) = 3*d - 21 + 5*d + 3 + a*d. List the prime factors of l(8).
2, 31
Let u(g) = -43*g**2 + 2*g + 3. Let q be u(-1). Let j be (-1 - (-14)/4)*26. Let y = j + q. What are the prime factors of y?
23
Suppose -c = -5*n - 201 - 750, -4*c + 2*n = -3732. What are the prime factors of c?
7, 19
List the prime factors of 469/91 + -5 + 69419/91.
7, 109
Let d(v) = v**2 - 8*v + 10. Let l be 4/(-20)*6*-5. Let y be d(l). List the prime factors of -1 + y - (4 + -44).
37
What are the prime factors of ((-36)/(-20))/((-12)/(-8560))?
2, 3, 107
Let s = 1 - -1. Let h(u) = -23*u - 88. Let r be h(-4). Suppose 0 = -s*b + r*b - 102. List the prime factors of b.
3, 17
Let f(m) = 3*m**2 - 2*m + 3. Let u(q) = -q - 3. Let w(z) = 1. Let r(h) = u(h) + 4*w(h). Let x(s) = f(s) - 5*r(s). What are the prime factors of x(-3)?
2
Suppose -2*x - 160 = -5*n + 2*n, 0 = 2*x + 4*n + 160. What are the prime factors of (x/60)/(1/(-6))?
2
Suppose 2*p = 11 + 13. Let f = p + -10. List the prime factors of (f - 0) + (-9)/(-1).
11
Let a(z) = -21*z**3 - 4*z**2 - 53*z - 6. Let u(l) = 5*l**3 + l**2 + 13*l + 2. Let j(h) = -2*a(h) - 9*u(h). List the prime factors of j(-4).
2, 107
List the prime factors of (1 - (1 + -3)) + (-3375)/(-45).
2, 3, 13
Suppose 3*f + 4035 + 6528 = 3*r, -3*r - f = -10559. List the prime factors of r.
2, 5, 11
Suppose 145*o - 118*o - 22248 = 0. What are the prime factors of o?
2, 103
Let n be (6/18)/((-2)/(-30)). Suppose -f - 3*c + 1 = -4, -2*f = -n*c + 1. Suppose f*d + 4 = 3*u, -3*d + 0*u + 5*u = 8. What are the prime factors of d?
2
Let a = 21 + -19. Suppose -5*s - 3*m = -a*m - 194, 0 = 2*m + 2. List the prime factors of s.
3, 13
Suppose 2*r = -3*r + d + 45, 0 = -4*r + 5*d + 15. Let h = 7 - 4. Suppose h*f + r = 5*f. List the prime factors of f.
5
Let f(d) = -d**2 + 8*d - 7. Let o be f(6). Suppose 2*u - 192 = -2*t, 245 + 215 = o*u - 5*t. Suppose -5*x + 26 = -u. What are the prime factors of x?
2, 3
Let z(k) = 697*k**2 + 5*k + 6. What are the prime factors of z(-1)?
2, 349
Suppose 5*r = -20, -2*y - r = -2*r - 84. What are the prime factors of y?
2, 5
What are the prime factors of (-3 + 2957 + 0)*42/84?
7, 211
Suppose -3*s + 3*c + 2*c = -2539, 5*c - 3362 = -4*s. What are the prime factors of s?
3, 281
Suppose 10 = 5*l - f, 2*f = 4*l + f - 7. Let j = 8 - l. Suppose 2*h - 5*d = 28, -j*h + 0*h + 43 = d. What are the prime factors of h?
3
Let b be (-4)/14 - (-16)/56. Suppose 4*l + 4*r + 0*r - 1264 = b, 5*l 